{"id":17,"date":"2016-05-04T21:13:12","date_gmt":"2016-05-05T01:13:12","guid":{"rendered":"http:\/\/localhost\/colegiosanrafael_wp\/?page_id=17"},"modified":"2026-04-13T12:10:08","modified_gmt":"2026-04-13T16:10:08","slug":"cuerpo-docente","status":"publish","type":"page","link":"https:\/\/www.colegiosanrafael.cl\/index.php\/cuerpo-docente\/","title":{"rendered":"Cuerpo Docente"},"content":{"rendered":"<div class=\"fusion-one-full fusion-layout-column fusion-column-last fusion-spacing-yes\" style=\"margin-top:0px;margin-bottom:20px;\"><div class=\"fusion-column-wrapper\"><div class=\"fusion-title title fusion-title-center fusion-title-size-one\" style=\"margin-top:0px;margin-bottom:31px;\"><div class=\"title-sep-container title-sep-container-left\"><div class=\"title-sep sep-double\"><\/div><\/div><h1 class=\"title-heading-center\">Docentes de nuestro Colegio<\/h1><div class=\"title-sep-container title-sep-container-right\"><div class=\"title-sep sep-double\"><\/div><\/div><\/div><div class=\"fusion-clearfix\"><\/div><\/div><\/div><div class=\"fusion-clearfix\"><\/div><p style=\"text-align: center;\"><em>El Colegio San Rafael es una instituci\u00f3n que tiene como prop\u00f3sito\u00a0 desarrollar en los alumnos una actitud reflexiva y cr\u00edtica, que les permita enfrentar de manera correcta la inserci\u00f3n en el medio social que les corresponder\u00e1 vivir, reforzando en ellos la identidad nacional, la integraci\u00f3n social y la capacidad de superar los m\u00faltiples problemas que enfrentar\u00e1n en la sociedad moderna.<\/em><i> <em>En el \u00e1mbito del crecimiento y la auto afirmaci\u00f3n personal, se persigue que los alumnos afirmen su identidad personal, desarrollen un sentido de pertenencia y solidaridad, favoreciendo el auto conocimiento, el desarrollo de la propia afectividad y el equilibrio emocional, profundizando el sentido del amor y los valores cristianos cat\u00f3licos.<\/em><\/i><\/p>\n<div class=\"fusion-one-half fusion-layout-column fusion-spacing-yes\" style=\"margin-top:0px;margin-bottom:20px;\"><div class=\"fusion-column-wrapper\"><style type='text\/css'>.reading-box-container-1 .element-bottomshadow:before,.reading-box-container-1 .element-bottomshadow:after{opacity:0.7;}<\/style><div class=\"fusion-reading-box-container reading-box-container-1\" style=\"margin-top:0px;margin-bottom:84px;\"><div class=\"reading-box reading-box-center\" style=\"background-color:#f6f6f6;border-width:1px;border-color:#f6f6f6;border-top-width:3px;border-top-color:#095866;border-style:solid;\"><div class=\"reading-box-additional\">\n<address>Aichele\u00a0 Lynch Estrella<\/address>\n<address>Alvarado Riquelme Karen<\/address>\n<address><em>Amaro Amaro Carla<\/em><\/address>\n<address><em>Arriagada Acu\u00f1a Licette<\/em><\/address>\n<address>Avello Soto Leticia<\/address>\n<address><em>Bello Mart\u00ednez \u00a0 Jessica<\/em><\/address>\n<address>Bello Pe\u00f1a H\u00e9ctor<\/address>\n<address>Castillo Castillo M<em><sup><span style=\"text-decoration: underline;\">a<\/span><\/sup><\/em> Paz<\/address>\n<address>Cerda Cruces \u00c1lvaro<\/address>\n<address><em>Cisterna Ram\u00edrez Y\u00e1skara<\/em><\/address>\n<address><em>Claramunt Lavin Carol<br \/>\n<\/em><em>Contreras Leal \u00a0Jaime<\/em><\/address>\n<address>Contreras Neira Natalia<\/address>\n<address><em>Cort\u00e9s Lagos Va<\/em><em>lentina<\/em><\/address>\n<address><em>Erices Salamanca Ricardo<\/em><\/address>\n<address><em>Escalona Fica Paulina<\/em><\/address>\n<address><em>Esparza D\u00edaz Alma<br \/>\n<\/em><em>Fari\u00f1a Aguilera M<sup><span style=\"text-decoration: underline;\">a<\/span><\/sup>\u00a0Patricia<\/em><\/address>\n<address><em>Fonseca Cuevas Karla<br \/>\n<\/em><em>Fuentes Parra Claudio<\/em><\/address>\n<address><em>Gonz\u00e1lez Rojas Javiera<br \/>\n<\/em><\/address>\n<address>Guti\u00e9rrez S\u00e1nchez Cristina<\/address>\n<address><em>Hern\u00e1ndez\u00a0 Valdebenito Javiera<\/em><\/address>\n<address>Infante Silva Catalina<\/address>\n<address>Iraira Erices Camila<\/address>\n<address><em>Jofr\u00e9 Contreras Claudia<\/em><\/address>\n<address>Leal Gonz\u00e1lez Carla<\/address>\n<address>Lermanda G\u00f3mez Constanza<\/address>\n<address>M\u00e9ndez \u00c1lvarez Josefa<\/address>\n<address>\n<address>\n<address><em>Morales Pinilla Gerardo<\/em><\/address>\n<address>Mu\u00f1oz Aedo Mackarena<\/address>\n<address>Mu\u00f1oz Salinas M<em><sup><span style=\"text-decoration: underline;\">a<\/span><\/sup><\/em> Paz<\/address>\n<\/address>\n<address><em>Mu\u00f1oz Vergara Dennis<\/em><\/address>\n<address>Novoa Contreras Camila<\/address>\n<address>\n<address>\n<address>\u00a0<\/address>\n<\/address>\n<\/address>\n<\/address>\n<\/div><\/div><\/div><div class=\"fusion-clearfix\"><\/div><\/div><\/div><div class=\"fusion-one-half fusion-layout-column fusion-column-last fusion-spacing-yes\" style=\"margin-top:0px;margin-bottom:20px;\"><div class=\"fusion-column-wrapper\"><style type='text\/css'>.reading-box-container-2 .element-bottomshadow:before,.reading-box-container-2 .element-bottomshadow:after{opacity:0.7;}<\/style><div class=\"fusion-reading-box-container reading-box-container-2\" style=\"margin-top:0px;margin-bottom:84px;\"><div class=\"reading-box reading-box-center\" style=\"background-color:#f6f6f6;border-width:1px;border-color:#f6f6f6;border-top-width:3px;border-top-color:#095866;border-style:solid;\"><div class=\"reading-box-additional\">\n<address>\n<address>\n<address>Obreque P\u00e9rez Camila<\/address>\n<address>\n<address><em>Olivera Carrasco Berta<\/em><\/address>\n<\/address>\n<\/address>\n<address>Orellana Verdugo Nicolle<\/address>\n<address>Orias Toledo Aracely<\/address>\n<address><em>Orme\u00f1o Pacheco Pamela<\/em><\/address>\n<address><em>Ort\u00edz \u00d3rdenes Francisca<\/em><\/address>\n<\/address>\n<address>\n<address><em>Parada Bascu\u00f1\u00e1n Jos\u00e9<\/em><\/address>\n<address><em>Pardo Flores Pablo<\/em><\/address>\n<address><em>Pavez Cristi B\u00e1rbara<\/em><\/address>\n<address>Pe\u00f1a Mu\u00f1oz Sof\u00eda<\/address>\n<address><em>Pino Salcedo Ernestina<\/em><\/address>\n<address><em>Pinochet Soto Catalina<\/em><\/address>\n<address><em>Pizarro Padilla M<sup><span style=\"text-decoration: underline;\">a<\/span><\/sup> Paz<br \/>\n<\/em><em>Polanco Medina Sergio<\/em><\/address>\n<address><em>Quintana Cris\u00f3stomo Karen<\/em><\/address>\n<address><em>R\u00edos Soto M<sup><span style=\"text-decoration: underline;\">a<\/span><\/sup> Jos\u00e9<br \/>\n<\/em><em>Robles Morales Patricia<br \/>\n<\/em><em>Rojas Luco Eliana<\/em><\/address>\n<address><em>Ru\u00edz Valdebenito Daniela<\/em><em><br \/>\n<\/em><em>Saavedra Galaz Scarlet<\/em><\/address>\n<address>S\u00e1ez Provoste Patricia<\/address>\n<address>Salda\u00f1a Ch\u00e1vez Dayana<\/address>\n<address>Sandoval Cid Melisa<\/address>\n<address>Sandoval Garrido Carol<\/address>\n<address>Sanhueza Arzola Camila<\/address>\n<address>Sanhueza Le\u00f3n Vanessa<\/address>\n<address>San Mart\u00edn Venegas Esteffan\u00eda<\/address>\n<address>Silva Orellana Rodrigo<\/address>\n<address>Sobarzo Illesca Daniela<\/address>\n<address>Torres Valenzuela Luis<\/address>\n<address>Valenzuela Monsalves Constanza<\/address>\n<address>\n<address><em>Veloso Mari\u00f1an \u00a0Ana<\/em><\/address>\n<address><em>Vergara Belmar Cristian<\/em><\/address>\n<address>Y\u00e1\u00f1ez Sealls Daniela<\/address>\n<address>\u00a0<\/address>\n<address><\/div><\/div><\/div><div class=\"fusion-clearfix\"><\/div><\/div><\/div><div class=\"fusion-clearfix\"><\/div><div class=\"fusion-one-full fusion-layout-column fusion-column-last fusion-spacing-no\" style=\"margin-top:0px;margin-bottom:20px;\"><div class=\"fusion-column-wrapper\"><style type='text\/css'>.reading-box-container-3 .element-bottomshadow:before,.reading-box-container-3 .element-bottomshadow:after{opacity:0.7;}<\/style><div class=\"fusion-reading-box-container reading-box-container-3\" style=\"margin-top:0px;margin-bottom:84px;\"><div class=\"reading-box reading-box-center\" style=\"background-color:#f6f6f6;border-width:1px;border-color:#f6f6f6;border-top-width:3px;border-top-color:#095866;border-style:solid;\"><div class=\"reading-box-additional\"><\/address>\n<\/address>\n<\/address>\n<address><em>Psic\u00f3loga: <\/em>Parra Mu\u00f1oz Karla\u00a0 y\u00a0 Porma Almendras Alexandra<\/address>\n<address>\u00a0 \u00a0 \u00a0 \u00a0 \u00a0 \u00a0 \u00a0 \u00a0 \u00a0 \u00a0\u00a0<\/address>\n<address><em>Fonoaudi\u00f3logos: And\u00eda Guti\u00e9rrez Daniel &#8211; Valenzuela Buchholz\u00a0 Camila<\/em><\/address>\n<address>Terapeuta Ocupacional: Igor D\u00edaz Catalina<\/address>\n<address>Kinesi\u00f3logo: Inzunza Contreras Francisco\u00a0<\/address>\n<\/div><\/div><\/div><div class=\"fusion-clearfix\"><\/div><\/div><\/div><div class=\"fusion-clearfix\"><\/div>\n","protected":false},"excerpt":{"rendered":"","protected":false},"author":3,"featured_media":0,"parent":0,"menu_order":0,"comment_status":"closed","ping_status":"closed","template":"","meta":[],"_links":{"self":[{"href":"https:\/\/www.colegiosanrafael.cl\/index.php\/wp-json\/wp\/v2\/pages\/17"}],"collection":[{"href":"https:\/\/www.colegiosanrafael.cl\/index.php\/wp-json\/wp\/v2\/pages"}],"about":[{"href":"https:\/\/www.colegiosanrafael.cl\/index.php\/wp-json\/wp\/v2\/types\/page"}],"author":[{"embeddable":true,"href":"https:\/\/www.colegiosanrafael.cl\/index.php\/wp-json\/wp\/v2\/users\/3"}],"replies":[{"embeddable":true,"href":"https:\/\/www.colegiosanrafael.cl\/index.php\/wp-json\/wp\/v2\/comments?post=17"}],"version-history":[{"count":46,"href":"https:\/\/www.colegiosanrafael.cl\/index.php\/wp-json\/wp\/v2\/pages\/17\/revisions"}],"predecessor-version":[{"id":12348,"href":"https:\/\/www.colegiosanrafael.cl\/index.php\/wp-json\/wp\/v2\/pages\/17\/revisions\/12348"}],"wp:attachment":[{"href":"https:\/\/www.colegiosanrafael.cl\/index.php\/wp-json\/wp\/v2\/media?parent=17"}],"curies":[{"name":"wp","href":"https:\/\/api.w.org\/{rel}","templated":true}]}}